{"id":310,"date":"2020-01-23T18:21:52","date_gmt":"2020-01-23T18:21:52","guid":{"rendered":"https:\/\/demosites.io\/web-agency-gb\/?page_id=61"},"modified":"2023-08-11T08:39:20","modified_gmt":"2023-08-11T08:39:20","slug":"15c42-web-agency-gb-about-us","status":"publish","type":"page","link":"https:\/\/bayer-bedachungen.de\/?page_id=310","title":{"rendered":"\u00dcber uns"},"content":{"rendered":"\n<div class=\"wp-block-cover alignfull\" style=\"min-height:300px\"><span aria-hidden=\"true\" class=\"wp-block-cover__background has-nv-site-bg-background-color has-background-dim-100 has-background-dim\"><\/span><div class=\"wp-block-cover__inner-container is-layout-flow wp-block-cover-is-layout-flow\">\n<p class=\"has-text-align-center has-large-font-size\"><\/p>\n\n\n\n<h1 class=\"wp-block-heading\"><mark style=\"background-color:rgba(0, 0, 0, 0)\" class=\"has-inline-color has-nv-dark-bg-color\">\u00dcber uns<\/mark><\/h1>\n<\/div><\/div>\n\n\n\n<div class=\"wp-block-cover alignfull\" style=\"min-height:600px\"><span aria-hidden=\"true\" class=\"wp-block-cover__background has-nv-dark-bg-background-color has-background-dim-100 has-background-dim\"><\/span><div class=\"wp-block-cover__inner-container is-layout-flow wp-block-cover-is-layout-flow\">\n<div class=\"wp-block-group is-layout-flow wp-block-group-is-layout-flow\"><div class=\"wp-block-group__inner-container\">\n<div style=\"height:80px\" aria-hidden=\"true\" class=\"wp-block-spacer\"><\/div>\n\n\n\n<div class=\"wp-block-columns are-vertically-aligned-center is-layout-flex wp-container-5 wp-block-columns-is-layout-flex\">\n<div class=\"wp-block-column is-vertically-aligned-center is-layout-flow wp-block-column-is-layout-flow\" style=\"flex-basis:50%\">\n<h2 class=\"wp-block-heading has-nv-text-dark-bg-color has-text-color\">Bayer Bedachungen<\/h2>\n\n\n\n<p class=\"has-nv-text-dark-bg-color has-text-color\">Seit 2006 stehen wir f\u00fcr Kompetenz und Zuverl\u00e4ssigkeit.<br>Hochwertige Materialien und Fachpersonal zeichnen uns aus.<br>Alle Arbeiten rund um\u00b4s Dach sind unsere Leidenschaft.<br><br>Zu unseren St\u00e4rken geh\u00f6rt nicht nur die hochwertige Ausf\u00fchrung unsere Arbeit, sondern auch die h\u00f6fliche und fachliche Beratung Vorort.<br><br><br>\u201cDenn nichts ist wichtiger als ein anst\u00e4ndiges Dach \u00fcber dem Kopf\u201c<\/p>\n\n\n\n<p><\/p>\n\n\n\n<div style=\"height:20px\" aria-hidden=\"true\" class=\"wp-block-spacer\"><\/div>\n\n\n\n<div class=\"wp-block-buttons is-layout-flex wp-block-buttons-is-layout-flex\">\n<div class=\"wp-block-button is-style-primary\"><a class=\"wp-block-button__link wp-element-button\" href=\"https:\/\/bayer-bedachungen.de\/?page_id=75\">KONTAKT<\/a><\/div>\n<\/div>\n\n\n\n<div style=\"height:20px\" aria-hidden=\"true\" class=\"wp-block-spacer\"><\/div>\n<\/div>\n\n\n\n<div class=\"wp-block-column is-vertically-aligned-center is-layout-flow wp-block-column-is-layout-flow\" style=\"flex-basis:50%\">\n<figure class=\"wp-block-image size-large\"><img decoding=\"async\" loading=\"lazy\" width=\"768\" height=\"1024\" src=\"https:\/\/bayer-bedachungen.de\/wp-content\/uploads\/2023\/08\/03A8E0A7-8A83-4566-9C4B-D6AFE21A0CA6-768x1024.jpeg\" alt=\"\" class=\"wp-image-376\" srcset=\"https:\/\/bayer-bedachungen.de\/wp-content\/uploads\/2023\/08\/03A8E0A7-8A83-4566-9C4B-D6AFE21A0CA6-768x1024.jpeg 768w, https:\/\/bayer-bedachungen.de\/wp-content\/uploads\/2023\/08\/03A8E0A7-8A83-4566-9C4B-D6AFE21A0CA6-225x300.jpeg 225w, https:\/\/bayer-bedachungen.de\/wp-content\/uploads\/2023\/08\/03A8E0A7-8A83-4566-9C4B-D6AFE21A0CA6-1152x1536.jpeg 1152w, https:\/\/bayer-bedachungen.de\/wp-content\/uploads\/2023\/08\/03A8E0A7-8A83-4566-9C4B-D6AFE21A0CA6-1536x2048.jpeg 1536w, https:\/\/bayer-bedachungen.de\/wp-content\/uploads\/2023\/08\/03A8E0A7-8A83-4566-9C4B-D6AFE21A0CA6-scaled.jpeg 1920w\" sizes=\"(max-width: 768px) 100vw, 768px\" \/><\/figure>\n<\/div>\n<\/div>\n\n\n\n<div style=\"height:40px\" aria-hidden=\"true\" class=\"wp-block-spacer\"><\/div>\n<\/div><\/div>\n<\/div><\/div>\n","protected":false},"excerpt":{"rendered":"","protected":false},"author":1,"featured_media":0,"parent":0,"menu_order":0,"comment_status":"closed","ping_status":"closed","template":"","meta":{"neve_meta_sidebar":"default","neve_meta_container":"default","neve_meta_enable_content_width":"on","neve_meta_content_width":100,"neve_meta_title_alignment":"","neve_meta_author_avatar":"","neve_post_elements_order":"","neve_meta_disable_header":"","neve_meta_disable_footer":"","neve_meta_disable_title":"on","_themeisle_gutenberg_block_has_review":false,"footnotes":""},"_links":{"self":[{"href":"https:\/\/bayer-bedachungen.de\/index.php?rest_route=\/wp\/v2\/pages\/310"}],"collection":[{"href":"https:\/\/bayer-bedachungen.de\/index.php?rest_route=\/wp\/v2\/pages"}],"about":[{"href":"https:\/\/bayer-bedachungen.de\/index.php?rest_route=\/wp\/v2\/types\/page"}],"author":[{"embeddable":true,"href":"https:\/\/bayer-bedachungen.de\/index.php?rest_route=\/wp\/v2\/users\/1"}],"replies":[{"embeddable":true,"href":"https:\/\/bayer-bedachungen.de\/index.php?rest_route=%2Fwp%2Fv2%2Fcomments&post=310"}],"version-history":[{"count":5,"href":"https:\/\/bayer-bedachungen.de\/index.php?rest_route=\/wp\/v2\/pages\/310\/revisions"}],"predecessor-version":[{"id":461,"href":"https:\/\/bayer-bedachungen.de\/index.php?rest_route=\/wp\/v2\/pages\/310\/revisions\/461"}],"wp:attachment":[{"href":"https:\/\/bayer-bedachungen.de\/index.php?rest_route=%2Fwp%2Fv2%2Fmedia&parent=310"}],"curies":[{"name":"wp","href":"https:\/\/api.w.org\/{rel}","templated":true}]}}

Über uns

<div class="wp-block-cover alignfull" style="min-height:300px"><span aria-hidden="true" class="wp-block-cover__background has-nv-site-bg-background-color has-background-dim-100 has-background-dim"></span><div class="wp-block-cover__inner-container is-layout-flow wp-block-cover-is-layout-flow">
<p class="has-text-align-center has-large-font-size"></p>



<h1 class="wp-block-heading"><mark style="background-color:rgba(0, 0, 0, 0)" class="has-inline-color has-nv-dark-bg-color">Über uns</mark></h1>
</div></div>



<div class="wp-block-cover alignfull" style="min-height:600px"><span aria-hidden="true" class="wp-block-cover__background has-nv-dark-bg-background-color has-background-dim-100 has-background-dim"></span><div class="wp-block-cover__inner-container is-layout-flow wp-block-cover-is-layout-flow">
<div class="wp-block-group is-layout-flow wp-block-group-is-layout-flow"><div class="wp-block-group__inner-container">
<div style="height:80px" aria-hidden="true" class="wp-block-spacer"></div>



<div class="wp-block-columns are-vertically-aligned-center is-layout-flex wp-container-5 wp-block-columns-is-layout-flex">
<div class="wp-block-column is-vertically-aligned-center is-layout-flow wp-block-column-is-layout-flow" style="flex-basis:50%">
<h2 class="wp-block-heading has-nv-text-dark-bg-color has-text-color">Bayer Bedachungen</h2>



<p class="has-nv-text-dark-bg-color has-text-color">Seit 2006 stehen wir für Kompetenz und Zuverlässigkeit.<br>Hochwertige Materialien und Fachpersonal zeichnen uns aus.<br>Alle Arbeiten rund um´s Dach sind unsere Leidenschaft.<br><br>Zu unseren Stärken gehört nicht nur die hochwertige Ausführung unsere Arbeit, sondern auch die höfliche und fachliche Beratung Vorort.<br><br><br>“Denn nichts ist wichtiger als ein anständiges Dach über dem Kopf“</p>



<p></p>



<div style="height:20px" aria-hidden="true" class="wp-block-spacer"></div>



<div class="wp-block-buttons is-layout-flex wp-block-buttons-is-layout-flex">
<div class="wp-block-button is-style-primary"><a class="wp-block-button__link wp-element-button" href="https://bayer-bedachungen.de/?page_id=75">KONTAKT</a></div>
</div>



<div style="height:20px" aria-hidden="true" class="wp-block-spacer"></div>
</div>



<div class="wp-block-column is-vertically-aligned-center is-layout-flow wp-block-column-is-layout-flow" style="flex-basis:50%">
<figure class="wp-block-image size-large"><img decoding="async" loading="lazy" width="768" height="1024" src="https://bayer-bedachungen.de/wp-content/uploads/2023/08/03A8E0A7-8A83-4566-9C4B-D6AFE21A0CA6-768x1024.jpeg" alt="" class="wp-image-376" srcset="https://bayer-bedachungen.de/wp-content/uploads/2023/08/03A8E0A7-8A83-4566-9C4B-D6AFE21A0CA6-768x1024.jpeg 768w, https://bayer-bedachungen.de/wp-content/uploads/2023/08/03A8E0A7-8A83-4566-9C4B-D6AFE21A0CA6-225x300.jpeg 225w, https://bayer-bedachungen.de/wp-content/uploads/2023/08/03A8E0A7-8A83-4566-9C4B-D6AFE21A0CA6-1152x1536.jpeg 1152w, https://bayer-bedachungen.de/wp-content/uploads/2023/08/03A8E0A7-8A83-4566-9C4B-D6AFE21A0CA6-1536x2048.jpeg 1536w, https://bayer-bedachungen.de/wp-content/uploads/2023/08/03A8E0A7-8A83-4566-9C4B-D6AFE21A0CA6-scaled.jpeg 1920w" sizes="(max-width: 768px) 100vw, 768px" /></figure>
</div>
</div>



<div style="height:40px" aria-hidden="true" class="wp-block-spacer"></div>
</div></div>
</div></div>
